 the highest common divisor of g and z.
29
Let x(h) = -33*h - 31. Let a be x(13). Let p = a + 495. What is the greatest common divisor of p and 14?
7
Let k(a) = -98*a**2 + 10*a + 3. Let f be k(-2). Let q = 472 + f. What is the highest common divisor of q and 35?
7
Suppose 27*b - 8624 = -17*b. Let w = b + -136. What is the greatest common factor of 260 and w?
20
Let q be ((-940)/(-2))/(-33 + 31). Let h = q - -238. What is the greatest common divisor of 4 and h?
1
Suppose 486 = 58*w + 2800 - 34388. Calculate the highest common divisor of 632 and w.
79
Suppose 4*y + 635 = -3*y + 1629. What is the greatest common factor of 2059 and y?
71
Let f be 139 - (6/(-42) + (-4 - (-30)/(-35))). Calculate the greatest common factor of 972 and f.
36
Suppose 5*t - 5*o - 2290 = 0, 826*o - 825*o = -t + 462. Calculate the highest common divisor of 120 and t.
20
Let x(w) = -w**2 - 25*w - 149. Let b be x(-10). What is the greatest common factor of 1678 and b?
1
Let u(n) = -13*n - 29. Let m be u(-9). Let h = 42 - m. Let c = -42 - h. What is the greatest common divisor of c and 44?
4
Suppose a = 10 - 8. Let p be (-35 - 6/a)/2. Let d be (-2 - p) + 6/3 + -3. What is the greatest common factor of 128 and d?
16
Let h be 3913 + 1 - (0/11 - 6). What is the highest common divisor of h and 160?
80
Let a = 878 + -790. Suppose 0 = -4*b - 3*m + 117, -4*b + 0*b + 2*m = -142. Calculate the greatest common factor of a and b.
11
Let q(o) = -242*o**3 + 5*o**2 + 4*o. Let n be q(-1). What is the greatest common divisor of n and 81?
81
Let n be (-8)/2 + 5/(-5). Let i be 24*n/((-80)/12). Calculate the highest common divisor of i and 3.
3
Let t be 21/4*((12300/5166)/((-5)/(-14)) - -8). Let b(x) = 29*x + 5. Let a be b(4). What is the highest common factor of a and t?
11
Let w(z) = 2*z - 48. Let n be w(40). Calculate the highest common factor of 304 and n.
16
Suppose -3*m - 12 = 0, 79*t - 5*m = 82*t - 4435. Calculate the greatest common factor of 55 and t.
55
Let u = 87 + -218. Let f = u - -329. Let m = 120 + -98. Calculate the greatest common factor of f and m.
22
Let y = 11444 - 11274. What is the highest common factor of 530 and y?
10
Suppose 255*w + 207*w - 956340 = 0. What is the highest common factor of w and 81?
9
Let t be (633/(-2))/(-3) + (-3)/(-6). Let w = t + -69. Let l = 52 - w. What is the highest common factor of l and 105?
15
Let f be -31*(-3 + 5 - -1). Let d = f - -100. Suppose 0 = -5*n + 410 - 130. What is the highest common factor of n and d?
7
Let m be 7 + -1 + (-2 - -1). Suppose p = -4*u + 24, -2*u - 2*p = p - 12. Let a be 38 + (6/4)/((-3)/u). Calculate the greatest common factor of a and m.
5
Let o be 165/15 + (8 - -3). Suppose 2*p = 5*y + 28, -5*y + 9 = 29. What is the highest common factor of o and p?
2
Suppose -98*y + 178*y = 62080. What is the greatest common factor of 8 and y?
8
Suppose m + 2 = 2*m + 4*y, 4*m - 53 = -y. Let i be (-4)/(12/(-75)) - -2. Suppose -2*q - i = -223. Calculate the greatest common factor of q and m.
14
Suppose 7*m - 54*m = 4*m - 102. Calculate the highest common divisor of 512 and m.
2
Let o = 4748 - 4636. Calculate the highest common factor of 240 and o.
16
Let m = -11664 + 11755. Calculate the greatest common factor of m and 329.
7
Let r(i) = -2*i**2 - 19*i + 73. Let a be r(2). What is the highest common factor of a and 243?
27
Let x(i) = -68*i + 349. Let b be x(5). Calculate the greatest common factor of b and 9.
9
Let f(l) = -l**2 - 113*l - 331. Let w be f(-83). What is the highest common divisor of w and 34?
17
Suppose -1958 - 112 = 129*d - 39*d. Let h(v) = -6*v**2 - 2*v - 1. Let b be h(-1). Let t = b - d. Calculate the greatest common divisor of t and 24.
6
Let p(n) = -6*n**3 - n**2. Let r be p(-1). Suppose -5 = -10*a + 5. Let c be a/11 - 864/(-176). Calculate the greatest common factor of r and c.
5
Let d be (-133)/19 + 812*3/3. What is the greatest common divisor of 560 and d?
35
Suppose 16 = -5*k + 336. Let s be -1 - -4 - 0/64. Suppose -2*y + 47 = 5*f, -s*y - 83 = -8*y - f. What is the highest common factor of y and k?
16
Suppose -4*g = 16, 4*n - 5836 = -30*g + 32*g. Calculate the highest common divisor of n and 188.
47
Let t = -10844 - -11038. What is the greatest common factor of t and 194?
194
Suppose 92 = -634*g + 680*g. What is the highest common divisor of g and 109?
1
Let i = -4 - -6. Suppose -830*y - 60 = -860*y. Calculate the greatest common factor of i and y.
2
Suppose 0 = -1060*m + 1059*m + 5448. Calculate the highest common factor of 24 and m.
24
Let x be -2*(-1 - 0)*3*20176/48. What is the highest common divisor of 169 and x?
13
Suppose -5*j = -282*z + 279*z - 3491, 3*j = -5*z + 2115. Calculate the highest common divisor of 448 and j.
28
Suppose -24*u - 673 = -3697. Suppose 115*a = u*a - 528. What is the highest common divisor of 48 and a?
48
Suppose 3*u = -3*v + 126, -6*u - 2*v = -u - 213. Calculate the greatest common divisor of 86 and u.
43
Let m(i) = -99*i + 1173. Let c be m(0). What is the highest common divisor of c and 102?
51
Let t be 3/(-4) + ((-3942)/8)/(-9). Suppose 124 = 4*l + 5*c, 4*c = 5*l + 3*c - 184. Calculate the highest common divisor of l and t.
18
Let c(v) = -38*v + 4692. Let u be c(-80). Calculate the greatest common divisor of u and 4.
4
Suppose -2585 = -3*l - 2*l. Let j(g) = g**2 + 21*g - 263. Let m be j(10). Calculate the highest common factor of l and m.
47
Let r(w) = 7 + w**3 + 5*w**2 + 23 + 3*w**2 - 13*w + 6*w**2. Let z be r(-15). Suppose z = 2*b + 5*b - 294. Calculate the highest common divisor of 42 and b.
42
Let o = -174 + 262. Let w = o - 84. Calculate the greatest common factor of 44 and w.
4
Let u(g) = 2*g**2 - 3*g - 5. Let a be u(-2). Let f(w) = w**2 - 8*w - 9. Let h be f(9). Let r = 18 - h. Calculate the greatest common divisor of a and r.
9
Let y(t) = 59*t**2 - 87*t - 48. Let w be y(-16). Calculate the greatest common factor of 771 and w.
257
Let n = -797 - -1553. Suppose -10*h - 98 = -15*h + 2*a, -3*h = a - 50. What is the highest common divisor of n and h?
18
Let k be -19 + 15 - (-44 - 8). What is the highest common divisor of k and 128?
16
Let x = -185 + 196. Let f be 4988/32 + x/88. Calculate the highest common divisor of 3 and f.
3
Let l(k) = -8*k + 69. Let m(x) = -10*x + 10 + 5*x + x + 24. Let i(h) = -3*l(h) + 5*m(h). Let j be i(11). Calculate the greatest common factor of 2 and j.
1
Let n be (32/(-20))/(2/(-60)). Suppose 4*f + a + 19 = 93, -2*a = -2*f + 32. What is the greatest common factor of f and n?
6
Let u(v) = v**2 - 46. Let j be u(-7). Suppose 4*s = 3 + 5, -3*s + 171 = 3*z. Let b = z + -40. What is the highest common factor of b and j?
3
Let i be -3 - (4/30 + 30686/30). Let h be i/(-135)*(2 - 1)*5. What is the highest common factor of 874 and h?
38
Let d be 1548/63 + (-6)/(-63)*-6. Let n be (-70)/((3 - 2)/(-1)). Let p = n - 46. What is the greatest common factor of p and d?
24
Suppose 36 = 7*b + 2*b. Suppose 105 = 5*t - b*v, -4*v + 84 = 4*t + v. Suppose -4*x + 31 + t = 0. Calculate the greatest common divisor of 39 and x.
13
Let s = -14996 - -15412. What is the greatest common divisor of s and 544?
32
Let c = 19010 - 18712. Calculate the highest common factor of 34 and c.
2
Suppose -i = -t + 12, 3*i = 38*t - 36*t - 27. What is the greatest common divisor of 288 and t?
9
Let b be (52/(-39))/(11/(-6897)). Let s(x) = -21*x + 2. Let h be s(-2). What is the highest common factor of b and h?
44
Let z(h) = -18*h - 30. Let t be z(-2). Suppose -4*v + 3*m - t*m + 498 = 0, -373 = -3*v - 2*m. Calculate the highest common factor of 82 and v.
41
Let k(z) = 3*z**3 + 4*z**2 - 49*z - 24. Let r be k(7). What is the highest common factor of r and 702?
78
Let t(c) = 10*c**2 - 3*c + 5. Let i be t(2). Let q = 40 - i. Let o be q/(-5)*3 - 7278/(-30). Calculate the greatest common divisor of 22 and o.
22
Suppose 4*t + 360 = 5*r, -237*r + 288 = -233*r + 3*t. Calculate the greatest common divisor of 108 and r.
36
Let l(a) = -19*a - 3. Suppose -3*c = -c - 2. Suppose -5*j - 10 = -3*u + c, -2*j - u = 0. Let s be l(j). What is the highest common factor of s and 144?
16
Let h(n) = -755*n - 6037. Let k be h(-8). Calculate the greatest common divisor of 183 and k.
3
Suppose -5*k = 4*z - 23000, 3*z + 6*k - 3*k = 17247. Calculate the greatest common factor of z and 15.
15
Let s(a) = -4*a - a - 2 + 29*